655
In base 15, what is 27b + -9?
272
In base 16, what is -2 - -3fa2c?
3fa2a
In base 3, what is 11101020200210 + -1?
11101020200202
In base 2, what is 10000111001000 - 100?
10000111000100
In base 3, what is -21 + 200101210002?
200101202211
In base 8, what is 327 - 361?
-32
In base 3, what is -11 + -212222201?
-212222212
In base 4, what is 102 - -301122?
301230
In base 3, what is 10011212110 - 2?
10011212101
In base 7, what is 34125034 + -2?
34125032
In base 9, what is 1 + 214543?
214544
In base 13, what is 5 - 4a20?
-4a18
In base 15, what is 582 - -5c?
5de
In base 4, what is -10131321 + -10?
-10131331
In base 14, what is 342 - 18?
328
In base 15, what is -4 + 711b?
7117
In base 8, what is 5 + -4600?
-4573
In base 16, what is a0 + -1a31?
-1991
In base 8, what is -630 + 105?
-523
In base 10, what is 721 - -174?
895
In base 7, what is -3 - -10034124?
10034121
In base 6, what is 352 - 245?
103
In base 12, what is 176b74 + -9?
176b67
In base 3, what is -202212 + 10002?
-122210
In base 8, what is 2261 - -46?
2327
In base 14, what is -65d0 - 3?
-65d3
In base 6, what is -115 + 5002?
4443
In base 11, what is 324 + -1519?
-11a5
In base 4, what is -32130 - -101202?
3012
In base 16, what is d - -1d695?
1d6a2
In base 2, what is -1010 - -10011010010?
10011001000
In base 4, what is -222012 - -210011?
-12001
In base 14, what is 7037 + 5?
703c
In base 8, what is 44 + -13335?
-13271
In base 7, what is -3314 - -121?
-3163
In base 2, what is -111010010 - -1000011000001?
111011101111
In base 5, what is 111240434 - 1?
111240433
In base 14, what is 2ac85 - 2?
2ac83
In base 14, what is 60d0 - -2?
60d2
In base 14, what is -3b2ac8 + 1?
-3b2ac7
In base 12, what is -592354 + -4?
-592358
In base 10, what is 34707 - -3?
34710
In base 14, what is 14973 + -4?
1496d
In base 4, what is -30120003 + 10?
-30113333
In base 11, what is 3 - 472a1?
-47299
In base 6, what is 1014432020 + -5?
1014432011
In base 14, what is -480c - -13?
-47d9
In base 2, what is 1101100001001 + 100?
1101100001101
In base 11, what is -1 - -413240?
41323a
In base 11, what is -9 - 9554a?
-95558
In base 16, what is -470 - 3?
-473
In base 6, what is -152311011 + 0?
-152311011
In base 15, what is -1333 + -14?
-1347
In base 9, what is -50 + 16210?
16150
In base 13, what is 1 + -17281a?
-172819
In base 13, what is -233 + -1329?
-155c
In base 4, what is -2212131 - -2?
-2212123
In base 11, what is -5956 + -82?
-5a28
In base 6, what is 333 - 21454?
-21121
In base 12, what is -1 + 139476?
139475
In base 9, what is -118 + 482?
363
In base 13, what is -1329 - -21?
-1308
In base 6, what is 12 + 34243?
34255
In base 5, what is 3104 - 14222?
-11113
In base 6, what is -43312540 + 5?
-43312531
In base 3, what is -2111 + -10202200?
-10212011
In base 2, what is 1001000100000001111 + 101?
1001000100000010100
In base 5, what is 24430 - -2211?
32141
In base 6, what is -20054135 + -2?
-20054141
In base 15, what is 257 + a?
262
In base 4, what is 2223110 + -3001?
2220103
In base 13, what is 5 - -17355c?
173564
In base 15, what is -3 - 318d0?
-318d3
In base 6, what is 2054 - -40101?
42155
In base 3, what is 12200101000 + -100?
12200100200
In base 8, what is 14116 + 146?
14264
In base 10, what is -3 + 176073?
176070
In base 9, what is -305676 + 10?
-305666
In base 3, what is -20101 + 12021?
-1010
In base 8, what is -26122 - 15?
-26137
In base 8, what is 273627 + -3?
273624
In base 5, what is 3 + -11224210?
-11224202
In base 14, what is 15bb - 5?
15b6
In base 13, what is 6 - -7046?
704c
In base 8, what is -2660566 - 5?
-2660573
In base 6, what is -1124 - -1032?
-52
In base 16, what is 1 + -e2e2?
-e2e1
In base 15, what is -114 + 7c?
-87
In base 13, what is -36a299 - -5?
-36a294
In base 11, what is -9704 - -3?
-9701
In base 15, what is -5 + -296a?
-2970
In base 13, what is 2530 - -3?
2533
In base 7, what is -3512205 - 6?
-3512214
In base 3, what is -110210 + 10122?
-100011
In base 7, what is -31 - 1152?
-1213
In base 15, what is -18 - -1d87?
1d6e
In base 12, what is -674 + a?
-666
In base 11, what is -179380 - 2?
-179382
In base 13, what is 323a5 + 7?
323ac
In base 10, what is -2316979 - -5?
-2316974
In base 4, what is 123313 - 300?
123013
In base 6, what is 1 - -141540?
141541
In base 10, what is 297 - -4?
301
In base 14, what is -4a + 398?
34c
In base 10, what is -21 - 5144?
-5165
In base 15, what is -9 + -2201?
-220a
In base 5, what is 221 + 314000?
314221
In base 2, what is -1011 - -1110100100110100?
1110100100101001
In base 14, what is -4c692 - -1?
-4c691
In base 14, what is 6b + -ac6?
-a59
In base 16, what is -3 - -4b694?
4b691
In base 5, what is 1041044 - -13?
1041112
In base 6, what is -34115 + -1?
-34120
In base 10, what is 1041 + 123?
1164
In base 11, what is -13 - a8?
-110
In base 2, what is -1010000110100 - 1?
-1010000110101
In base 16, what is -1 - -1c4c?
1c4b
In base 3, what is -10122 + -1122?
-12021
In base 6, what is 10 + 1340551?
1341001
In base 3, what is -211121102 + -11?
-211121120
In base 14, what is -153345 + -2?
-153347
In base 6, what is 4 + 104252?
104300
In base 13, what is -2 + -c73c?
-c741
In base 3, what is 102120 - -1011?
110201
In base 3, what is 212110021 + -1221?
212101100
In base 11, what is -229a34 + 3?
-229a31
In base 14, what is -107 - c5?
-1cc
In base 3, what is -10 + 112202221120?
112202221110
In base 11, what is -2091321 + -2?
-2091323
In base 8, what is 3504057 + 1?
3504060
In base 9, what is 4 - 8276?
-8272
In base 14, what is -5 + 3c35c?
3c357
In base 11, what is -28 - 24926?
-24953
In base 8, what is -2272 + -437?
-2731
In base 16, what is -3 + 3280b?
32808
In base 4, what is 3230110 - -202?
3230312
In base 8, what is -12 + -4344?
-4356
In base 16, what is 1c + -e988?
-e96c
In base 13, what is -58a5 - 27?
-58cc
In base 16, what is 45 - 631d?
-62d8
In base 2, what is -101 + -101000010111101101111?
-101000010111101110100
In base 5, what is 3103 + -2143?
410
In base 15, what is -db - 11c?
-208
In base 10, what is -2 + -6212?
-6214
In base 7, what is -304 - -262?
-12
In base 11, what is -18 + -9a53?
-9a70
In base 6, what is 2101414 - 1?
2101413
In base 13, what is 66 + -83c?
-7a6
In base 14, what is 1813 + -7b?
1776
In base 14, what is 2 + 3243a?
3243c
In base 12, what is -5 - -19976b?
199766
In base 5, what is -1003121414 + 3?
-1003121411
In base 4, what is -112301032 - -3?
-112301023
In base 10, what is 7 + 1848?
1855
In base 12, what is -4 - 55a5b?
-55a63
In base 8, what is -1164140 + 1?
-1164137
In base 2, what is -1100011 - -11010010111?
11000110100
In base 3, what is -112021001010 - -21?
-112021000212
In base 14, what is -3 + 272?
26d
In base 14, what is -168a32 - 0?
-168a32
In base 8, what is 1764 + -124?
1640
In base 12, what is 9 - -45379?
45386
In base 14, what is 24ca - 0?
24ca
In base 16, what is 449622 + -1?
449621
In base 5, what is 3 - -200320?
200323
In base 8, what is -10 - -72475?
72465
In base 15, what is 22 - 11?
11
In base 14, what is -4121 - -4?
-411b
In base 11, what is -763 - -17a?
-594
In base 9, what is -4 - 186228?
-186233
In base 9, what is 22 + 15338?
15361
In base 15, what is 0 + -28821?
-28821
In base 4, what is 2001100 + 3330?
2011030
In base 4, what is 3133113 - -3?
3133122
In base 8, what is 534 + -1244?
-510
In base 4, what is 32 + 10000020?
10000112
In base 8, what is -34067244 + 1?
-34067243
In base 15, what is -4806a + 5?
-48065
In base 10, what is -13561 - 5?
-13566
In base 7, what is -212 - -2231?
2016
In base 13, what is 157 + 29?
183
In base 10, what is -11 - -1151?
1140
In base 9, what is 3 + 21225?
21228
In base 13, what is -101 - -83?
-4b
In base 13, what is -2 + 164ab?
164a9
In base 10, what is 2 + 13403?
13405
In base 4, what is -122 - -303131032?
303130310
In base 6, what is 2055 - -2234?
4333
In base 13, what is -a49b - 1?
-a49c
In base 10, what is -3 + -25692?
-25695
In base 7, what is -5412315 + -4?
-5412322
In base 14, what is 95 + 3a0?
455
In base 7, what is -11450 - 52?
-11532
In base 14, what is 4c61c - -4?
4c622
In base 4, what is -10123 + 2300?
-1223
In base 6, what is 10241224 - 15?
10241205
In base 11, what is -5 + -2396a?
-23974
In base 8, what is -152531 + 4?
-152525
In base 9, what is -42 - 12470?
-12522
In base 10, what is -75628 - 38?
-75666
In base 14, what is -1 - -33d94?
33d93
In base 7, what is -1150 + -403?
-1553
In base 4